y 678.
11
What is the remainder when 80298 is divided by 1445?
823
What is the remainder when 79399 is divided by 210?
19
What is the remainder when 58288 is divided by 116?
56
Calculate the remainder when 83534 is divided by 10441.
6
What is the remainder when 3712 is divided by 847?
324
Calculate the remainder when 56692 is divided by 14163.
40
What is the remainder when 1905 is divided by 518?
351
Calculate the remainder when 1029 is divided by 6.
3
Calculate the remainder when 9907 is divided by 3234.
205
Calculate the remainder when 22945 is divided by 115.
60
What is the remainder when 3201 is divided by 134?
119
Calculate the remainder when 265523 is divided by 748.
731
What is the remainder when 8045 is divided by 1331?
59
Calculate the remainder when 8167 is divided by 100.
67
Calculate the remainder when 311565 is divided by 2434.
13
What is the remainder when 104572 is divided by 16?
12
Calculate the remainder when 48382 is divided by 55.
37
What is the remainder when 20565 is divided by 170?
165
What is the remainder when 212582 is divided by 191?
190
Calculate the remainder when 20924 is divided by 218.
214
Calculate the remainder when 5046 is divided by 295.
31
Calculate the remainder when 20143 is divided by 60.
43
What is the remainder when 1122096 is divided by 490?
486
What is the remainder when 17252 is divided by 7?
4
What is the remainder when 46092 is divided by 2879?
28
Calculate the remainder when 5183 is divided by 831.
197
What is the remainder when 3994 is divided by 507?
445
Calculate the remainder when 5707 is divided by 179.
158
What is the remainder when 55442 is divided by 46?
12
Calculate the remainder when 33094 is divided by 10998.
100
What is the remainder when 32182 is divided by 32171?
11
What is the remainder when 7886 is divided by 22?
10
Calculate the remainder when 19956 is divided by 9874.
208
What is the remainder when 229 is divided by 74?
7
What is the remainder when 74260 is divided by 361?
255
What is the remainder when 44363 is divided by 379?
20
Calculate the remainder when 4040 is divided by 289.
283
Calculate the remainder when 83977 is divided by 646.
643
Calculate the remainder when 19142 is divided by 362.
318
What is the remainder when 17968 is divided by 443?
248
Calculate the remainder when 158122 is divided by 2053.
41
What is the remainder when 264904 is divided by 590?
584
Calculate the remainder when 2333 is divided by 768.
29
Calculate the remainder when 8901 is divided by 4411.
79
What is the remainder when 813901 is divided by 283?
276
Calculate the remainder when 210077 is divided by 202.
199
What is the remainder when 125 is divided by 94?
31
Calculate the remainder when 1498 is divided by 17.
2
Calculate the remainder when 83342 is divided by 5208.
14
Calculate the remainder when 798 is divided by 29.
15
What is the remainder when 3992 is divided by 2918?
1074
Calculate the remainder when 7017 is divided by 455.
192
What is the remainder when 524141 is divided by 32?
13
Calculate the remainder when 63562 is divided by 119.
16
What is the remainder when 858684 is divided by 13?
8
What is the remainder when 199371 is divided by 852?
3
What is the remainder when 119561 is divided by 7?
1
What is the remainder when 5336 is divided by 398?
162
Calculate the remainder when 12829 is divided by 1603.
5
Calculate the remainder when 13330 is divided by 2662.
20
Calculate the remainder when 360799 is divided by 189.
187
What is the remainder when 252434 is divided by 10097?
9
Calculate the remainder when 3357 is divided by 1110.
27
Calculate the remainder when 2015 is divided by 47.
41
What is the remainder when 44545 is divided by 1310?
5
Calculate the remainder when 6607 is divided by 511.
475
What is the remainder when 8020 is divided by 1001?
12
Calculate the remainder when 249688 is divided by 53.
5
What is the remainder when 3131 is divided by 112?
107
What is the remainder when 20709 is divided by 34?
3
What is the remainder when 281850 is divided by 9?
6
Calculate the remainder when 21313 is divided by 10640.
33
Calculate the remainder when 73473 is divided by 2721.
6
Calculate the remainder when 16286 is divided by 2270.
396
Calculate the remainder when 301463 is divided by 142.
139
What is the remainder when 88327 is divided by 4014?
19
Calculate the remainder when 9700 is divided by 55.
20
What is the remainder when 4723 is divided by 772?
91
Calculate the remainder when 798819 is divided by 99852.
3
What is the remainder when 5242 is divided by 5239?
3
What is the remainder when 6751 is divided by 1685?
11
Calculate the remainder when 18452 is divided by 497.
63
Calculate the remainder when 16984 is divided by 4233.
52
Calculate the remainder when 8593 is divided by 46.
37
What is the remainder when 2388 is divided by 488?
436
Calculate the remainder when 831 is divided by 109.
68
Calculate the remainder when 3854 is divided by 202.
16
Calculate the remainder when 59717 is divided by 20.
17
What is the remainder when 35805 is divided by 17528?
749
Calculate the remainder when 168693 is divided by 132.
129
Calculate the remainder when 826 is divided by 339.
148
Calculate the remainder when 4828 is divided by 124.
116
Calculate the remainder when 3020 is divided by 15.
5
What is the remainder when 511433 is divided by 891?
890
Calculate the remainder when 21644 is divided by 7.
0
Calculate the remainder when 253 is divided by 114.
25
Calculate the remainder when 7688 is divided by 1892.
120
Calculate the remainder when 77296 is divided by 465.
106
What is the remainder when 9035 is divided by 18?
17
Calculate the remainder when 19281 is divided by 149.
60
What is the remainder when 2566 is divided by 360?
46
What is the remainder when 3688 is divided by 147?
13
Calculate the remainder when 5298 is divided by 341.
183
What is the remainder when 7470 is divided by 2489?
3
Calculate the remainder when 295964 is divided by 17.
11
Calculate the remainder when 17039 is divided by 926.
371
What is the remainder when 6704 is divided by 5957?
747
Calculate the remainder when 250233 is divided by 252.
249
What is the remainder when 1017 is divided by 8?
1
Calculate the remainder when 4832 is divided by 82.
76
Calculate the remainder when 1668 is divided by 416.
4
Calculate the remainder when 18208 is divided by 6040.
88
What is the remainder when 119850 is divided by 9?
6
Calculate the remainder when 5021 is divided by 359.
354
What is the remainder when 1056717 is divided by 518?
515
Calculate the remainder when 1002 is divided by 263.
213
What is the remainder when 8131 is divided by 1332?
139
What is the remainder when 82620 is divided by 295?
20
Calculate the remainder when 30669 is divided by 2352.
93
What is the remainder when 446263 is divided by 633?
631
Calculate the remainder when 12819113 is divided by 2079.
2078
Calculate the remainder when 17891 is divided by 218.
15
Calculate the remainder when 67220 is divided by 19.
17
What is the remainder when 107239 is divided by 162?
157
What is the remainder when 5713 is divided by 635?
633
What is the remainder when 57133 is divided by 8?
5
What is the remainder when 755490 is divided by 268?
266
Calculate the remainder when 3127 is divided by 381.
79
What is the remainder when 3009 is divided by 43?
42
Calculate the remainder when 74866 is divided by 2879.
12
Calculate the remainder when 11480 is divided by 5733.
14
Calculate the remainder when 1964 is divided by 954.
56
Calculate the remainder when 1428 is divided by 190.
98
Calculate the remainder when 16643 is divided by 1852.
1827
What is the remainder when 15326 is divided by 5106?
8
Calculate the remainder when 927824 is divided by 185564.
4
What is the remainder when 66271 is divided by 3891?
124
Calculate the remainder when 20860 is divided by 1896.
4
What is the remainder when 303538 is divided by 23349?
1
What is the remainder when 19987 is divided by 4?
3
Calculate the remainder when 153851 is divided by 76920.
11
What is the remainder when 2057 is divided by 6?
5
Calculate the remainder when 10903 is divided by 4900.
1103
Calculate the remainder when 10822 is divided by 19.
11
What is the remainder when 10001 is divided by 122?
119
What is the remainder when 17862 